 composite number?
True
Is 8417699 composite?
False
Is 196561891 prime?
True
Is 4467367 a composite number?
False
Is 132898 a composite number?
True
Is 60429021 a composite number?
True
Is 6559697 prime?
False
Is 2120009 composite?
False
Is 11142401 prime?
True
Is 5501733 composite?
True
Is 73906927 composite?
True
Is 1247665 composite?
True
Is 32542883 a composite number?
False
Is 332645839 composite?
False
Is 126539251 composite?
False
Is 1077311 prime?
True
Is 874257 composite?
True
Is 56962397 a prime number?
False
Is 126621107 composite?
False
Is 496579 prime?
True
Is 31064299 a composite number?
True
Is 66527173 a prime number?
True
Is 292851011 a composite number?
False
Is 71158557 a prime number?
False
Is 251096291 a composite number?
False
Is 344054459 a prime number?
False
Is 5630155 a prime number?
False
Is 10313462 a prime number?
False
Is 252327919 composite?
False
Is 1366345 a composite number?
True
Is 79688057 a prime number?
False
Is 8990959 prime?
False
Is 8665777 a prime number?
True
Is 401126077 composite?
True
Is 34433291 composite?
False
Is 997358 a prime number?
False
Is 6324313 prime?
True
Is 397897 prime?
True
Is 97213 a composite number?
False
Is 429770379 composite?
True
Is 3248051 prime?
False
Is 11394469 prime?
True
Is 60871 a prime number?
False
Is 4432069 a prime number?
True
Is 64262203 composite?
False
Is 58679363 a prime number?
True
Is 60751787 composite?
False
Is 89313839 composite?
False
Is 1829227 a prime number?
True
Is 35145017 a prime number?
True
Is 72737 a prime number?
False
Is 26197559 composite?
True
Is 4316251 a prime number?
True
Is 2338799 composite?
False
Is 4759003 prime?
True
Is 4185007 a prime number?
True
Is 3835123 prime?
True
Is 3400543 composite?
False
Is 3907649 composite?
False
Is 13916627 composite?
False
Is 36591257 a composite number?
False
Is 308579207 composite?
False
Is 3822713 prime?
False
Is 5342407 composite?
True
Is 293653813 a composite number?
False
Is 9554633 composite?
True
Is 305676547 a prime number?
False
Is 34112131 a prime number?
True
Is 9478751 composite?
False
Is 16926179 a composite number?
True
Is 36949633 prime?
False
Is 45006343 a composite number?
True
Is 1938067 prime?
True
Is 6455707 composite?
False
Is 25891841 composite?
False
Is 43303837 a composite number?
False
Is 15240341 a composite number?
True
Is 10703729 prime?
True
Is 793369 prime?
False
Is 23038489 a prime number?
False
Is 1394083 composite?
False
Is 28273838 a composite number?
True
Is 1618159 composite?
True
Is 4763211 composite?
True
Is 1747153 a composite number?
False
Is 9935543 prime?
True
Is 961393 prime?
True
Is 456149 a composite number?
False
Is 26293969 prime?
False
Is 1733623 a composite number?
False
Is 1433711 composite?
False
Is 21138317 a composite number?
True
Is 25664477 composite?
False
Is 13377583 a prime number?
True
Is 6906911 a prime number?
False
Is 88433281 a prime number?
True
Is 35162251 a composite number?
True
Is 62785001 composite?
False
Is 9996457 prime?
True
Is 17190653 prime?
False
Is 1080029 a prime number?
True
Is 61478719 a composite number?
True
Is 55635061 a composite number?
False
Is 5288489 prime?
True
Is 4274117 a prime number?
False
Is 922463 a composite number?
False
Is 2323637 prime?
False
Is 4557971 composite?
True
Is 11226349 prime?
True
Is 40066969 prime?
True
Is 31512993 prime?
False
Is 9582709 composite?
True
Is 16355359 composite?
False
Is 11861371 a prime number?
True
Is 4352237 composite?
False
Is 53685691 a prime number?
False
Is 2409071 a composite number?
True
Is 522635 a composite number?
True
Is 65867833 prime?
False
Is 85979947 a prime number?
True
Is 7308617 a prime number?
False
Is 916499 prime?
False
Is 38307047 a composite number?
True
Is 40260521 prime?
False
Is 2842397 a composite number?
False
Is 2769661 composite?
True
Is 216111143 a prime number?
False
Is 354203 composite?
True
Is 123032729 a prime number?
True
Is 135655811 a composite number?
False
Is 77316401 prime?
False
Is 7296085 prime?
False
Is 47263087 prime?
False
Is 14276987 a prime number?
True
Is 41891581 a composite number?
False
Is 50041 prime?
False
Is 1748629 composite?
True
Is 1675105 a prime number?
False
Is 238043009 prime?
True
Is 6590531 a composite number?
False
Is 16017538 a composite number?
True
Is 271896329 a prime number?
True
Is 110160249 a composite number?
True
Is 46269753 a composite number?
True
Is 46657543 a prime number?
False
Is 224852351 prime?
True
Is 595139 a composite number?
False
Is 196644055 prime?
False
Is 2275423 a prime number?
True
Is 16734037 composite?
True
Is 4274882 composite?
True
Is 30619471 a composite number?
True
Is 33359087 a composite number?
False
Is 2354039 a prime number?
True
Is 80714411 prime?
False
Is 7736977 a prime number?
True
Is 6758659 a composite number?
False
Is 1082171 a prime number?
True
Is 12244519 composite?
True
Is 14325841 a prime number?
True
Is 10116383 composite?
True
Is 6443939 prime?
False
Is 217130033 a composite number?
False
Is 38606927 prime?
False
Is 9204523 composite?
False
Is 22826785 a prime number?
False
Is 9574589 composite?
False
Is 5311277 a prime number?
True
Is 6125653 a composite number?
False
Is 15967453 a prime number?
True
Is 26805301 a prime number?
True
Is 28216379 a prime number?
False
Is 560278 a prime number?
False
Is 198532571 a prime number?
False
Is 2740345 prime?
False
Is 1048189 a composite number?
False
Is 218551317 composite?
True
Is 340828921 prime?
True
Is 389325743 prime?
True
Is 323641 prime?
True
Is 25401349 composite?
True
Is 21335029 a prime number?
True
Is 105646519 prime?
False
Is 152788315 a composite number?
True
Is 22417469 a prime number?
False
Is 10634791 prime?
True
Is 17628901 composite?
True
Is 21479333 a prime number?
True
Is 3575263 prime?
True
Is 10285259 a composite number?
False
Is 25260857 a prime number?
False
Is 9282577 a prime number?
True
Is 4355059 prime?
True
Is 89398343 a composite number?
False
Is 3262607 a prime number?
False
Is 343565 prime?
False
Is 5739907 a composite number?
False
Is 53916601 composite?
True
Is 152898286 a composite number?
True
Is 4251889 a composite number?
False
Is 8206531 a prime number?
True
Is 39092098 composite?
True
Is 22022641 a prime number?
True
Is 242201539 prime?
True
Is 7694737 prime?
True
Is 108287323 composite?
False
Is 770635 a prime number?
False
Is 80277047 composite?
True
Is 76339 a composite number?
True
Is 271157974 prime?
False
Is 19432189 a prime number?
False
Is 295607 composite?
True
Is 6837163 composite?
True
Is 122441057 prime?
True
Is 7798919 composite?
False
Is 10747031 prime?
False
Is 7899023 a composite number?
True
Is 129927461 a composite number?
True
Is 55617 a composite number?
True
Is 2107709 prime?
True
Is 62026 composite?
True
Is 18702619 prime?
False
Is 8817163 prime?
True
Is 5715551 a composite number?
True
Is 458251 a composite number?
True
Is 42835313 a prime number?
True
Is 1971503 a composite number?
False
Is 74746927 composite?
False
Is 17812241 a composite number?
False
Is 4030009 a prime number?
False
Is 49804967 composite?
False
Is 3059457 a prime number?
False
Is 3813941 prime?
True
Is 6455419 a composite number?
False
Is 104085913 prime?
True
Is 18777433 composite?
False
Is 236340073 prime?
True
Is 3347911 composite?
True
Is 94555091 a prime number?
False
Is 4998619 composite?
False
Is 18201635 prime?
False
Is 19266523 composite?
True
Is 6331087 prime?
False
Is 3989593 a prime number?
True
Is 215367553 a composite number?
False
Is 959009 composite?
False
Is 367537 prime?
False
Is 27356279 a prime number?
True
Is 1179751 a prime number?
True
Is 1043935 composite?
True
Is 352089371 composite?
False
Is 103682279 a composite number?
True
Is 104147 a composite number?
False
Is 559327 prime?
False
Is 3245597 composite?
True
Is 24528059 composite?
True
Is 104233531 a prime number?
True
Is 8703523 a composite number?
False
Is 33225857 a composite number?
True
Is 15983629 a prime number?
True
Is 21493739 a composite number?
False
Is 5110334 composite?
True
Is 823139 prime?
False
Is 7276771 composite?
False
Is 486306789 prime?
False
Is 3109 a composite number?
False
Is 307337 prime?
True
Is 212701711 composite?
False
Is 1283189 prime?
False
Is 897793 composite?
True
Is 67711